rime factors of 60655300?
2, 5, 71, 8543
List the prime factors of 338320041.
3, 23, 53, 71, 1303
What are the prime factors of 635354437?
173, 367, 10007
What are the prime factors of 228787700?
2, 5, 17, 134581
What are the prime factors of 1676835907?
23, 72905909
What are the prime factors of 459682174?
2, 7, 139, 236219
What are the prime factors of 6488126?
2, 181, 17923
What are the prime factors of 2493556356?
2, 3, 1051, 197713
What are the prime factors of 43197202?
2, 21598601
What are the prime factors of 113168547?
3, 12574283
List the prime factors of 51312289.
7, 631, 11617
What are the prime factors of 105064736?
2, 7, 23, 20393
List the prime factors of 570410636.
2, 142602659
What are the prime factors of 43795593?
3, 1622059
List the prime factors of 93295478.
2, 191, 283, 863
List the prime factors of 27871328.
2, 19, 45841
What are the prime factors of 112266718?
2, 61, 920219
What are the prime factors of 2594337155?
5, 18731, 27701
List the prime factors of 41230363.
3257, 12659
What are the prime factors of 712427951?
67, 73, 145661
List the prime factors of 1237215966.
2, 3, 7, 127, 163, 1423
What are the prime factors of 50555755?
5, 257, 39343
What are the prime factors of 68859583?
13, 5296891
List the prime factors of 139101505.
5, 3389, 8209
List the prime factors of 112770448.
2, 7, 1006879
List the prime factors of 1111363058.
2, 13, 59, 724487
List the prime factors of 2015701268.
2, 7, 71989331
What are the prime factors of 1381355799?
3, 1291, 356663
List the prime factors of 876056666.
2, 11299, 38767
What are the prime factors of 755935113?
3, 1627, 154873
What are the prime factors of 1713767201?
9539, 179659
List the prime factors of 734024383.
113, 6495791
List the prime factors of 1168184137.
1168184137
List the prime factors of 323939433.
3, 107979811
List the prime factors of 183052607.
23, 283, 28123
List the prime factors of 122448310.
2, 5, 181, 67651
List the prime factors of 3823426575.
3, 5, 179, 94933
List the prime factors of 259820659.
7, 37117237
List the prime factors of 547594330.
2, 5, 54759433
List the prime factors of 124860551.
124860551
What are the prime factors of 821975224?
2, 7, 1129, 13001
List the prime factors of 789698112.
2, 3, 7, 83939
What are the prime factors of 1200170552?
2, 7, 3529, 6073
What are the prime factors of 1424772526?
2, 6863, 103801
What are the prime factors of 107107557?
3, 1297, 27527
What are the prime factors of 93996311?
1601, 58711
List the prime factors of 685960995.
3, 5, 45730733
What are the prime factors of 24993213?
3, 7, 17, 70009
List the prime factors of 858328023.
3, 7, 40872763
What are the prime factors of 3483872152?
2, 17, 631, 40597
What are the prime factors of 7600573748?
2, 1900143437
List the prime factors of 153570243.
3, 43, 1190467
What are the prime factors of 522350846?
2, 12527, 20849
List the prime factors of 446711269.
446711269
What are the prime factors of 39049673?
13, 3003821
What are the prime factors of 85757671?
6521, 13151
List the prime factors of 3593519451.
3, 223, 596831
List the prime factors of 357692987.
23, 59, 263591
List the prime factors of 179762507.
179762507
What are the prime factors of 71501250?
2, 3, 5, 23, 829
List the prime factors of 179365389.
3, 7, 181, 47189
List the prime factors of 139944321.
3, 11, 471193
What are the prime factors of 47033119?
7, 6719017
What are the prime factors of 141764334?
2, 3, 23627389
List the prime factors of 55888937.
13, 19, 11909
List the prime factors of 2096785305.
3, 5, 41, 378823
List the prime factors of 1374276774.
2, 3, 13, 17618933
List the prime factors of 171454512.
2, 3, 23, 155303
What are the prime factors of 1139835236?
2, 109, 2614301
What are the prime factors of 298002440?
2, 5, 37, 271, 743
What are the prime factors of 131436133?
6841, 19213
What are the prime factors of 2749316225?
5, 109972649
List the prime factors of 57612710.
2, 5, 5761271
What are the prime factors of 60995659?
41, 191, 7789
What are the prime factors of 758474981?
11, 68952271
What are the prime factors of 214045015?
5, 23, 1861261
What are the prime factors of 320994326?
2, 10477, 15319
List the prime factors of 75199192.
2, 67, 140297
List the prime factors of 7034121.
3, 9649
List the prime factors of 486067496.
2, 191, 318107
List the prime factors of 50361931.
3863, 13037
What are the prime factors of 252774218?
2, 1987, 63607
What are the prime factors of 1544164928?
2, 1657, 14561
List the prime factors of 3344499845.
5, 17, 39347057
What are the prime factors of 953384142?
2, 3, 158897357
What are the prime factors of 308066229?
3, 34229581
List the prime factors of 30451193.
1663, 18311
What are the prime factors of 1208549251?
7, 13, 41, 24917
What are the prime factors of 225618715?
5, 7, 409, 15761
List the prime factors of 378850568.
2, 47356321
List the prime factors of 3994497124.
2, 23, 43418447
List the prime factors of 20986755.
3, 5, 17, 82301
What are the prime factors of 940638170?
2, 5, 53, 83, 21383
What are the prime factors of 236935720?
2, 5, 7, 41, 20639
List the prime factors of 113023368.
2, 3, 839, 1871
What are the prime factors of 161816161?
13, 127, 98011
What are the prime factors of 2249882701?
11, 19, 23, 53, 8831
What are the prime factors of 5169892468?
2, 13, 131, 389, 1951
List the prime factors of 22276135.
5, 7, 31, 419
What are the prime factors of 260203742?
2, 130101871
List the prime factors of 23199036.
2, 3, 7, 31, 59, 151
List the prime factors of 70754764.
2, 3251, 5441
What are the prime factors of 46539937?
46539937
List the prime factors of 214126468.
2, 1063, 50359
List the prime factors of 1271434502.
2, 13, 577, 84751
What are the prime factors of 126616186?
2, 311, 203563
List the prime factors of 66500853.
3, 151, 146801
What are the prime factors of 24495206?
2, 12247603
What are the prime factors of 1303818328?
2, 162977291
List the prime factors of 752419891.
43, 17498137
List the prime factors of 921964.
2, 83, 2777
List the prime factors of 290908123.
11, 31, 853103
List the prime factors of 76732046.
2, 38366023
List the prime factors of 4807245716.
2, 7, 13, 43, 281, 1093
List the prime factors of 809063.
809063
What are the prime factors of 625634334?
2, 3, 13, 41, 21737
List the prime factors of 3418858190.
2, 5, 11, 43, 269, 2687
What are the prime factors of 78813944?
2, 11, 895613
What are the prime factors of 4616218121?
211, 21877811
What are the prime factors of 28456697?
1531, 18587
What are the prime factors of 1100588084?
2, 2333, 117937
What are the prime factors of 1064594664?
2, 3, 7, 78233
List the prime factors of 81779665.
5, 11, 135173
What are the prime factors of 3914038295?
5, 782807659
List the prime factors of 34353910.
2, 5, 3435391
List the prime factors of 62809781.
17, 3694693
What are the prime factors of 127165924?
2, 31791481
List the prime factors of 44955925.
5, 7, 37, 53, 131
What are the prime factors of 918533446?
2, 149, 3082327
List the prime factors of 1175812703.
13, 90447131
What are the prime factors of 3960422882?
2, 13, 571, 266767
List the prime factors of 58220752.
2, 1103, 3299
What are the prime factors of 524556254?
2, 139, 773, 2441
What are the prime factors of 57100092?
2, 3, 7, 19, 269
What are the prime factors of 2562236?
2, 181, 3539
What are the prime factors of 34901965?
5, 7, 47, 433
List the prime factors of 16836965.
5, 29, 83, 1399
What are the prime factors of 1413838055?
5, 7, 41, 985253
List the prime factors of 765737146.
2, 211, 1814543
List the prime factors of 257481004.
2, 11, 5851841
List the prime factors of 112345094.
2, 751, 74797
What are the prime factors of 317092870?
2, 5, 2687, 11801
List the prime factors of 893827252.
2, 223456813
List the prime factors of 6396764101.
7, 13, 83, 846917
List the prime factors of 298575929.
298575929
List the prime factors of 630137451.
3, 19, 11055043
List the prime factors of 232482994.
2, 116241497
List the prime factors of 87257852.
2, 11, 67, 29599
List the prime factors of 1047123804.
2, 3, 61, 89, 16073
What are the prime factors of 526801306?
2, 263400653
List the prime factors of 3030181048.
2, 17, 22280743
List the prime factors of 3984902454.
2, 3, 13, 51088493
What are the prime